- -1) - 2?
9
Let m(f) = 122*f**2 - 2*f + 4. Let a be m(1). Let q(d) = d**3 + 9*d**2 + 3*d - 6. Let k be q(-5). Let c = a - k. What is the units digit of c?
5
Let k = 270 + -397. Let x = -9 - k. What is the hundreds digit of x?
1
Suppose 0 = 25*w - 32*w + 7. Let s(a) = -a**3 + 3*a**2 + a - 2. What is the units digit of s(w)?
1
Suppose -6*v + 4*v - 5*z + 45 = 0, -5 = -5*z. Suppose -78 = -2*k + 2*y - 82, 4 = -4*k + 2*y. Let b = v - k. What is the units digit of b?
0
Let q(z) = -z**2 - 4*z + 7. Let x be q(-4). What is the tens digit of (x - 9) + -2 + 67?
6
Suppose -3*s - 4*v + 150 = 0, 4*v = 2*v. Suppose -3*p - s = -8*p. What is the units digit of (-196)/(-3) - p/(-15)?
6
Suppose -t = 3*t + 24. Let n(w) = -w - 5 + 1 + 7. What is the units digit of n(t)?
9
Suppose -4*g + 18 = -2*f, 5*f - f = g - 1. Let d = 46 - g. Suppose -3 = -2*c + d. What is the units digit of c?
2
Let h = 32 - 28. Let c be 1/(h/32*4). Suppose -4*y = 3*a - 157, c*y - 3*a - 43 - 22 = 0. What is the units digit of y?
7
Suppose 15216 = 3*k + 3*z, 4*k = -0*k + 3*z + 20302. What is the hundreds digit of k?
0
What is the thousands digit of 2/2*(-6)/(-24)*4516?
1
Suppose 5*o + u = 3*u + 562, -2*o + 3*u + 216 = 0. What is the hundreds digit of o?
1
Let c(s) = -67*s**3 - 3*s**2 - s + 1. Let i be 4/(4/4) - 5. What is the units digit of c(i)?
6
Let h(p) = p**2 + 12*p + 23. Let j be h(-12). Suppose z - j = 66. What is the tens digit of z?
8
Suppose u - 8 = -2*f, 5*f + 4*u = 2*u + 19. Suppose 0 = f*k - 3. What is the units digit of 6 - 2 - (-4 + k)?
7
Let g = 19 - 12. Suppose -3*o - 24 = -g*o. Let a(q) = -q**2 + 6*q + 5. What is the units digit of a(o)?
5
Let j(r) = r**3 - 4*r**2 + 3*r - 1. Let a be j(3). What is the tens digit of (703/57)/(a/(-3))?
3
Suppose 2*q = -5*w + 11, -5*q - 38 + 13 = -5*w. What is the hundreds digit of (q - -5)/(1/75)?
2
Let o(t) = -t**3 + 11*t**2 - 9*t + 6. Suppose 4*d + d - 50 = 0. What is the units digit of o(d)?
6
Suppose -58 = 11*q - 542. Suppose -3*x - i + 5*i + 52 = 0, -3*x - 4*i + q = 0. What is the tens digit of x?
1
Suppose r + 3*g + 2499 = 8*g, 4*g = 4*r + 9948. What is the hundreds digit of r/(-12)*4/3?
2
Let y be (76/6)/((-6)/9). Let w(h) = -6*h - 18. What is the tens digit of w(y)?
9
Let l = 351 + -226. Let u = -51 + l. What is the units digit of u?
4
Let k = 4 - 2. Let h(x) = -x**3 - x + k*x**2 + 2*x**2 + 8 + 0*x - 3*x**2. What is the units digit of h(0)?
8
Suppose 3*v = -22 + 7. Let w be 156/v - (-28)/(-35). Let u = w + 52. What is the tens digit of u?
2
Let r be (1 + 2)*2/2. Suppose 2*a - 1 = r*a. What is the units digit of -2 - -3*(-2)/a?
4
Suppose h + 368 = b + 4877, 22550 = 5*h - 4*b. What is the thousands digit of h?
4
Suppose -4 = -0*z + 5*z + 4*s, 5 = -2*z - 5*s. Let j = z - -28. What is the tens digit of j?
2
What is the units digit of (-12)/(-24) + 18524/8?
6
Suppose 0 = 4*f - 68 - 44. Suppose -4*r + 505 = -3*u, 2*r - 5*u = f + 235. What is the tens digit of r?
2
Suppose 735 = -5*n + 6*n. Suppose -348 = -2*y + 4*c, -4*y + 2*c = -n + 57. What is the units digit of y?
8
Let b be (-110)/(-6) + 6/(-18). Let m be (-4)/b + (-1168)/(-72). Let a = -3 + m. What is the tens digit of a?
1
Let m = -6423 + 11157. What is the hundreds digit of m?
7
Let r be 9/3 + 34*1. Suppose -5*h = 57 - 147. Let w = r - h. What is the units digit of w?
9
Let z = 1240 + 4454. What is the hundreds digit of z?
6
Let r(f) be the second derivative of 7*f**4/12 - f**2/2 + 3*f + 3. What is the hundreds digit of r(-5)?
1
Let o(v) = 7*v - 16. Let c(m) = -4*m + 8. Let s(u) = 5*c(u) + 2*o(u). What is the units digit of s(-6)?
4
Suppose -22*s + 672 = -14*s. Let d = s - 36. What is the units digit of d?
8
Let u(y) = 103*y + 75. Let p be u(9). Suppose -5*g = 4*v - p, -7*v + 6*v - 987 = -5*g. What is the tens digit of g?
9
Let q(d) = 7*d**2 - 8*d - 5. What is the hundreds digit of q(-6)?
2
Let x = -7 + 7. Suppose x = 4*w - 9*w + 155. What is the units digit of w?
1
Let t(o) = 2*o + 2*o**2 - 6*o + 2*o - 3. What is the tens digit of t(-6)?
8
Suppose 0 = -10*i + 1533 + 307. Let q = 271 - i. What is the units digit of q?
7
Let k = -34 - -718. What is the tens digit of k?
8
Suppose -12*c = 3*u - 13*c - 1347, 5*u - 5*c - 2245 = 0. What is the tens digit of u?
4
Let u(q) = q + 22. Let k be u(-10). What is the hundreds digit of (-5*2)/(k/(-120))?
1
Let b(w) = w**3 - 10*w**2 - 13*w + 12. Let z be b(11). Let q be z*-2*(-5)/(-20). Let h(o) = 17*o - 10. What is the tens digit of h(q)?
7
Let k = -975 + 2152. What is the units digit of k?
7
Let s = 137 - -338. What is the hundreds digit of s?
4
Suppose 0 = 3*a - b - 12, 0 = -2*a + b - 1 + 8. Suppose 4*u - 104 = a*m, -u = 2*u - 4*m - 77. Let i = -12 + u. What is the units digit of i?
9
Let o = 383 + -193. What is the tens digit of o?
9
Suppose -13*j + 3*j + 5560 = 0. What is the hundreds digit of j?
5
Suppose -35 = -z - 3. Suppose -u = 10 - z. What is the units digit of u?
2
Let y(k) = -k - 1. Let a(g) = -20*g - 35. Let f(r) = a(r) + 6*y(r). What is the units digit of f(-8)?
7
What is the units digit of (-5)/70 - 23358/(-84)?
8
Let x(s) = -s**3 - 8*s**2 - 7*s - 19. Let p be 2*3/(-4)*(-768)/(-144). What is the tens digit of x(p)?
3
Suppose 0 = -d + 3*h - 6*h + 20, 10 = 5*d - 3*h. Let u be -15 + 12 - (1 + d). Let s(f) = -2*f + 5. What is the tens digit of s(u)?
2
Suppose 3*c - 2*v - v = 207, -c + 81 = -5*v. Suppose 0 = 63*y - c*y + 15. What is the units digit of y?
5
Let a(n) = 605*n + 86. What is the thousands digit of a(5)?
3
What is the units digit of 58*(315/14)/15?
7
Suppose -2*z - l - 2*l = 66, -8 = 4*l. Let q be z/(-25)*5/2. Suppose -5*y + 127 = 3*t, -5 + 120 = q*t - y. What is the units digit of t?
9
Suppose 0 = w - 4*q + 14, 3*w = 4*w - 3*q + 10. Let h(d) = -13 + 0*d + 2*d + 2 + w*d. What is the tens digit of h(6)?
1
Let z(p) = -2*p + 26. Let r be z(10). What is the units digit of (251 - r) + (4 - 0)?
9
Let x = 6641 + -3236. What is the units digit of x?
5
Suppose -2*n - 2*n = 0. Suppose n = 8*f - 4*f - 384. What is the tens digit of f?
9
Suppose -c = -3*r + 9, 5*r + c + 3*c - 32 = 0. Suppose -3 = -3*o + r*n - 5, 13 = -4*o - 5*n. What is the tens digit of ((-13)/(39/126))/o?
2
Let s = 632 + -392. What is the units digit of s?
0
Let i(y) = -13*y + 17*y + 10 - 9*y - 3. What is the units digit of i(-4)?
7
Let p = 8 - 10. Let i = -12 - p. What is the units digit of (-5)/2*12/i?
3
Suppose 0 = -2*b - 3*o - 2, -3*o = -2*b - 1 - 1. Let q = 60 - b. Suppose 0 = 3*z - 29 - q. What is the tens digit of z?
3
Suppose -z - 113 = 3*a - 0*z, -5*z + 27 = -a. Let c = a + 42. What is the units digit of c?
5
Let t be ((-3)/(-2))/((-3)/4). Let a be (t - -4)*-1*4. Let j = 5 - a. What is the tens digit of j?
1
Suppose -20 = -3*o + 3*q + 16, 0 = -5*q - 25. Let l(k) = 4*k. What is the tens digit of l(o)?
2
Let w be ((-1*10)/(-2))/(5/20). What is the tens digit of 1856/w - (-2)/10?
9
Suppose -4*d - 27 = 17. Let l = d - -16. Suppose -16 = -5*w - 5*q - 1, -l*w = -q - 39. What is the units digit of w?
7
What is the hundreds digit of 4 + -8*(-4)/16 + 4316?
3
Let d(t) = -12*t - 2. Let m be d(-3). Suppose g - 8 = -g, 5*g + m = s. What is the tens digit of s?
5
Let i(p) = -p**3 - 15*p**2 + 36*p + 168. What is the units digit of i(-20)?
8
Let i(u) = -u**2 - 192. Let v be i(0). Let m = v - -274. What is the units digit of m?
2
Suppose 0 = -77*y + 76*y + 922. What is the hundreds digit of y?
9
Let z be (-15)/(-21) - 8/(-28). Suppose 4*k - z - 627 = -4*n, -5*k = 3*n - 481. Suppose f = -3*f + n. What is the tens digit of f?
3
Suppose 0 = -24*a - 14491 + 61531. What is the thousands digit of a?
1
Let h(i) be the third derivative of -i**6/40 + i**5/30 - i**4/8 - 5*i**3/6 + 7*i**2. What is the tens digit of h(-2)?
3
Let t = 35 + -33. Suppose -t*v = -87 - 371. What is the units digit of v?
9
Suppose -5*x = -0*x - 20. What is the tens digit of (-7632)/(-304) - x/38?
2
Let f(d) = d**3 - 5*d**2 - 8*d - 6. Let u be f(7). Let o(l) = -l**3 - 2. Let i be o(-2). Suppose 3*t = i + u. What is the units digit of t?
4
Let n(i) = 5*i - 67. Let p(r) = -18*r + 2. Let m be p(-1). What is the tens digit of n(m)?
3
Suppose -2 = 4*r - 2*h, -5*r = h + 6 + 14. Let c = -3 - r. Let s = c + 66. What is the tens digit of s?
6
Let d(t) = 490*t**2 + 2*t + 2. What is the hundreds digit of d(-1)?
4
Suppose -